{"id":184,"date":"2025-09-06T05:53:47","date_gmt":"2025-09-06T08:53:47","guid":{"rendered":"https:\/\/tanoarquivo.com.br\/?page_id=184"},"modified":"2026-03-06T15:51:12","modified_gmt":"2026-03-06T18:51:12","slug":"contato","status":"publish","type":"page","link":"https:\/\/tanoarquivo.com.br\/index.php\/contato\/","title":{"rendered":"Contato"},"content":{"rendered":"\t\t<div data-elementor-type=\"wp-page\" data-elementor-id=\"184\" class=\"elementor elementor-184\" data-elementor-post-type=\"page\">\n\t\t\t\t<div class=\"elementor-element elementor-element-6e5ba4b e-flex e-con-boxed wpr-particle-no wpr-jarallax-no wpr-parallax-no wpr-sticky-section-no wpr-equal-height-no e-con e-parent\" data-id=\"6e5ba4b\" data-element_type=\"container\" data-e-type=\"container\">\n\t\t\t\t\t<div class=\"e-con-inner\">\n\t\t\t\t<div class=\"elementor-element elementor-element-8b5fbc7 elementor-widget elementor-widget-heading\" data-id=\"8b5fbc7\" data-element_type=\"widget\" data-e-type=\"widget\" data-widget_type=\"heading.default\">\n\t\t\t\t\t<h2 class=\"elementor-heading-title elementor-size-default\">Contato<\/h2>\t\t\t\t<\/div>\n\t\t\t\t\t<\/div>\n\t\t\t\t<\/div>\n\t\t<div class=\"elementor-element elementor-element-a7a1b7e e-flex e-con-boxed wpr-particle-no wpr-jarallax-no wpr-parallax-no wpr-sticky-section-no wpr-equal-height-no e-con e-parent\" data-id=\"a7a1b7e\" data-element_type=\"container\" data-e-type=\"container\">\n\t\t\t\t\t<div class=\"e-con-inner\">\n\t\t\t\t<div class=\"elementor-element elementor-element-be465dd elementor-widget elementor-widget-text-editor\" data-id=\"be465dd\" data-element_type=\"widget\" data-e-type=\"widget\" data-widget_type=\"text-editor.default\">\n\t\t\t\t\t\t\t\t\t<p>Agradecemos o seu interesse no\u00a0<strong>tanoarquivo.com.br<\/strong>. Se voc\u00ea tiver d\u00favidas, sugest\u00f5es ou propostas de neg\u00f3cios, sinta-se \u00e0 vontade para entrar em contato conosco.<\/p><p><strong>Como Entrar em Contato<\/strong><br \/>Voc\u00ea pode nos contatar pelos seguintes meios:<\/p><ul class=\"wp-block-list\"><li><strong>E-mail:<\/strong>\u00a0tanoarquivo10@gmail.com<\/li><\/ul><p>Nos esfor\u00e7amos para responder o mais r\u00e1pido poss\u00edvel em dias \u00fateis, de segunda a sexta-feira, das\u00a0<strong>08h00 \u00e0s 18h00 (hor\u00e1rio de Bras\u00edlia)<\/strong>.<\/p><p>Para assuntos urgentes, por favor, indique\u00a0<strong>\u201cUrgente\u201d<\/strong>\u00a0no assunto do e-mail.<\/p><p><strong>Siga-nos<\/strong><br \/>Fique por dentro das \u00faltimas novidades e conte\u00fados:<\/p><ul class=\"wp-block-list\"><li><strong>Site:<\/strong>\u00a0<a href=\"http:\/\/www.tanoarquivo.com.br\/\">www.tanoarquivo.com.br<\/a><\/li><\/ul><p>Estamos ansiosos para ouvir voc\u00ea!<\/p>\t\t\t\t\t\t\t\t<\/div>\n\t\t\t\t\t<\/div>\n\t\t\t\t<\/div>\n\t\t\t\t<\/div>\n\t\t","protected":false},"excerpt":{"rendered":"<p>Contato Agradecemos o seu interesse no\u00a0tanoarquivo.com.br. Se voc\u00ea tiver d\u00favidas, sugest\u00f5es ou propostas de neg\u00f3cios, sinta-se \u00e0 vontade para entrar em contato conosco. Como Entrar em ContatoVoc\u00ea pode nos contatar pelos seguintes meios: E-mail:\u00a0tanoarquivo10@gmail.com Nos esfor\u00e7amos para responder o mais r\u00e1pido poss\u00edvel em dias \u00fateis, de segunda a sexta-feira, das\u00a008h00 \u00e0s 18h00 (hor\u00e1rio de Bras\u00edlia). Para assuntos urgentes, por favor, indique\u00a0\u201cUrgente\u201d\u00a0no assunto do e-mail. Siga-nosFique por dentro das \u00faltimas novidades e conte\u00fados: Site:\u00a0www.tanoarquivo.com.br Estamos ansiosos para ouvir voc\u00ea!<\/p>\n","protected":false},"author":1,"featured_media":0,"parent":0,"menu_order":0,"comment_status":"closed","ping_status":"closed","template":"","meta":{"footnotes":""},"class_list":["post-184","page","type-page","status-publish","hentry"],"_links":{"self":[{"href":"https:\/\/tanoarquivo.com.br\/index.php\/wp-json\/wp\/v2\/pages\/184","targetHints":{"allow":["GET"]}}],"collection":[{"href":"https:\/\/tanoarquivo.com.br\/index.php\/wp-json\/wp\/v2\/pages"}],"about":[{"href":"https:\/\/tanoarquivo.com.br\/index.php\/wp-json\/wp\/v2\/types\/page"}],"author":[{"embeddable":true,"href":"https:\/\/tanoarquivo.com.br\/index.php\/wp-json\/wp\/v2\/users\/1"}],"replies":[{"embeddable":true,"href":"https:\/\/tanoarquivo.com.br\/index.php\/wp-json\/wp\/v2\/comments?post=184"}],"version-history":[{"count":13,"href":"https:\/\/tanoarquivo.com.br\/index.php\/wp-json\/wp\/v2\/pages\/184\/revisions"}],"predecessor-version":[{"id":714,"href":"https:\/\/tanoarquivo.com.br\/index.php\/wp-json\/wp\/v2\/pages\/184\/revisions\/714"}],"wp:attachment":[{"href":"https:\/\/tanoarquivo.com.br\/index.php\/wp-json\/wp\/v2\/media?parent=184"}],"curies":[{"name":"wp","href":"https:\/\/api.w.org\/{rel}","templated":true}]}}