{"id":150,"date":"2025-09-06T05:41:06","date_gmt":"2025-09-06T08:41:06","guid":{"rendered":"https:\/\/tanoarquivo.com.br\/?page_id=150"},"modified":"2025-09-06T05:43:06","modified_gmt":"2025-09-06T08:43:06","slug":"politicas-de-cookies","status":"publish","type":"page","link":"https:\/\/tanoarquivo.com.br\/index.php\/politicas-de-cookies\/","title":{"rendered":"Pol\u00edticas de Cookies"},"content":{"rendered":"\t\t<div data-elementor-type=\"wp-page\" data-elementor-id=\"150\" class=\"elementor elementor-150\" data-elementor-post-type=\"page\">\n\t\t\t\t<div class=\"elementor-element elementor-element-ca99d7a e-flex e-con-boxed wpr-particle-no wpr-jarallax-no wpr-parallax-no wpr-sticky-section-no wpr-equal-height-no e-con e-parent\" data-id=\"ca99d7a\" data-element_type=\"container\" data-e-type=\"container\">\n\t\t\t\t\t<div class=\"e-con-inner\">\n\t\t\t\t<div class=\"elementor-element elementor-element-0c62c13 elementor-widget elementor-widget-heading\" data-id=\"0c62c13\" data-element_type=\"widget\" data-e-type=\"widget\" data-widget_type=\"heading.default\">\n\t\t\t\t\t<h2 class=\"elementor-heading-title elementor-size-default\">Pol\u00edtica de Cookies<\/h2>\t\t\t\t<\/div>\n\t\t\t\t<div class=\"elementor-element elementor-element-13fd1ff elementor-widget elementor-widget-text-editor\" data-id=\"13fd1ff\" data-element_type=\"widget\" data-e-type=\"widget\" data-widget_type=\"text-editor.default\">\n\t\t\t\t\t\t\t\t\t<header class=\"entry-header ast-no-thumbnail\"><h1 class=\"entry-title\">Pol\u00edticas de Cookies<\/h1><\/header><div class=\"entry-content clear\" data-ast-blocks-layout=\"true\"><p><strong>Data de Vig\u00eancia: 15 de Agosto de 2025<\/strong><\/p><p>No\u00a0<strong>tanoarquivo.com.br<\/strong>, utilizamos cookies e tecnologias de rastreamento semelhantes para melhorar sua experi\u00eancia de navega\u00e7\u00e3o. Esta Pol\u00edtica de Cookies explica o que s\u00e3o cookies, como os utilizamos e como voc\u00ea pode gerenciar suas prefer\u00eancias.<\/p><p><strong>1. O que s\u00e3o Cookies?<\/strong><br \/>Cookies s\u00e3o pequenos arquivos de texto armazenados em seu dispositivo quando voc\u00ea visita um site. Eles ajudam os sites a lembrar suas prefer\u00eancias, melhorar a experi\u00eancia do usu\u00e1rio e fornecer informa\u00e7\u00f5es sobre o tr\u00e1fego e o uso do site.<\/p><p><strong>2. Como Utilizamos os Cookies<\/strong><br \/>Usamos os seguintes tipos de cookies:<\/p><ul class=\"wp-block-list\"><li><strong>Cookies Essenciais:<\/strong>\u00a0Necess\u00e1rios para o funcionamento adequado do site.<\/li><li><strong>Cookies de Desempenho:<\/strong>\u00a0Ajudam a analisar o tr\u00e1fego do site e a melhorar nossos servi\u00e7os (ex.: Google Analytics).<\/li><li><strong>Cookies Funcionais:<\/strong>\u00a0Memorizam as prefer\u00eancias do usu\u00e1rio e aprimoram a funcionalidade.<\/li><li><strong>Cookies de Publicidade:<\/strong>\u00a0Utilizados por anunciantes terceiros para exibir an\u00fancios relevantes.<\/li><\/ul><p><strong>3. Cookies de Terceiros<\/strong><br \/>Podemos utilizar servi\u00e7os de terceiros (como Google Analytics e redes de publicidade) que instalam cookies em seu dispositivo para coletar dados de an\u00e1lise e publicidade personalizada. Esses terceiros possuem suas pr\u00f3prias pol\u00edticas de privacidade.<\/p><p><strong>4. Como Gerenciar Cookies<\/strong><br \/>Voc\u00ea pode gerenciar ou desativar cookies nas configura\u00e7\u00f5es do seu navegador. Observe que a desativa\u00e7\u00e3o de determinados cookies pode afetar a funcionalidade do site.<\/p><p><strong>Instru\u00e7\u00f5es para Desativar Cookies em Navegadores Populares:<\/strong><\/p><ul class=\"wp-block-list\"><li><strong>Mozilla Firefox:<\/strong>\u00a0<a href=\"https:\/\/support.mozilla.org\/en-US\/kb\/enhanced-tracking-protection-firefox-desktop\" target=\"_blank\" rel=\"noopener\">Gerenciar cookies<\/a><\/li><li><strong>Safari:<\/strong>\u00a0<a href=\"https:\/\/support.apple.com\/en-us\/HT201265\" target=\"_blank\" rel=\"noopener\">Gerenciar cookies<\/a><\/li><\/ul><p><strong>5. Altera\u00e7\u00f5es nesta Pol\u00edtica de Cookies<\/strong><br \/>Podemos atualizar esta Pol\u00edtica de Cookies periodicamente. Quaisquer altera\u00e7\u00f5es ser\u00e3o publicadas nesta p\u00e1gina com a data de vig\u00eancia atualizada.<\/p><p><strong>6. Fale Conosco<\/strong><br \/>Se tiver d\u00favidas sobre esta Pol\u00edtica de Cookies, entre em contato conosco em:<\/p><p><strong>E-mail:<\/strong>\u00a0tanoarquivo@gmail.com<\/p><\/div>\t\t\t\t\t\t\t\t<\/div>\n\t\t\t\t\t<\/div>\n\t\t\t\t<\/div>\n\t\t\t\t<\/div>\n\t\t","protected":false},"excerpt":{"rendered":"<p>Pol\u00edtica de Cookies Pol\u00edticas de Cookies Data de Vig\u00eancia: 15 de Agosto de 2025 No\u00a0tanoarquivo.com.br, utilizamos cookies e tecnologias de rastreamento semelhantes para melhorar sua experi\u00eancia de navega\u00e7\u00e3o. Esta Pol\u00edtica de Cookies explica o que s\u00e3o cookies, como os utilizamos e como voc\u00ea pode gerenciar suas prefer\u00eancias. 1. O que s\u00e3o Cookies?Cookies s\u00e3o pequenos arquivos de texto armazenados em seu dispositivo quando voc\u00ea visita um site. Eles ajudam os sites a lembrar suas prefer\u00eancias, melhorar a experi\u00eancia do usu\u00e1rio e fornecer informa\u00e7\u00f5es sobre o tr\u00e1fego e o uso do site. 2. Como Utilizamos os CookiesUsamos os seguintes tipos de cookies: Cookies Essenciais:\u00a0Necess\u00e1rios para o funcionamento adequado do site. Cookies de Desempenho:\u00a0Ajudam a analisar o tr\u00e1fego do site e a melhorar nossos servi\u00e7os (ex.: Google Analytics). Cookies Funcionais:\u00a0Memorizam as prefer\u00eancias do usu\u00e1rio e aprimoram a funcionalidade. Cookies de Publicidade:\u00a0Utilizados por anunciantes terceiros para exibir an\u00fancios relevantes. 3. Cookies de TerceirosPodemos utilizar servi\u00e7os de terceiros (como Google Analytics e redes de publicidade) que instalam cookies em seu dispositivo para coletar dados de an\u00e1lise e publicidade personalizada. Esses terceiros possuem suas pr\u00f3prias pol\u00edticas de privacidade. 4. Como Gerenciar CookiesVoc\u00ea pode gerenciar ou desativar cookies nas configura\u00e7\u00f5es do seu navegador. Observe que a desativa\u00e7\u00e3o de determinados cookies pode afetar a funcionalidade do site. Instru\u00e7\u00f5es para Desativar Cookies em Navegadores Populares: Mozilla Firefox:\u00a0Gerenciar cookies Safari:\u00a0Gerenciar cookies 5. Altera\u00e7\u00f5es nesta Pol\u00edtica de CookiesPodemos atualizar esta Pol\u00edtica de Cookies periodicamente. Quaisquer altera\u00e7\u00f5es ser\u00e3o publicadas nesta p\u00e1gina com a data de vig\u00eancia atualizada. 6. Fale ConoscoSe tiver d\u00favidas sobre esta Pol\u00edtica de Cookies, entre em contato conosco em: E-mail:\u00a0tanoarquivo@gmail.com<\/p>\n","protected":false},"author":1,"featured_media":0,"parent":0,"menu_order":0,"comment_status":"closed","ping_status":"closed","template":"","meta":{"footnotes":""},"class_list":["post-150","page","type-page","status-publish","hentry"],"_links":{"self":[{"href":"https:\/\/tanoarquivo.com.br\/index.php\/wp-json\/wp\/v2\/pages\/150","targetHints":{"allow":["GET"]}}],"collection":[{"href":"https:\/\/tanoarquivo.com.br\/index.php\/wp-json\/wp\/v2\/pages"}],"about":[{"href":"https:\/\/tanoarquivo.com.br\/index.php\/wp-json\/wp\/v2\/types\/page"}],"author":[{"embeddable":true,"href":"https:\/\/tanoarquivo.com.br\/index.php\/wp-json\/wp\/v2\/users\/1"}],"replies":[{"embeddable":true,"href":"https:\/\/tanoarquivo.com.br\/index.php\/wp-json\/wp\/v2\/comments?post=150"}],"version-history":[{"count":7,"href":"https:\/\/tanoarquivo.com.br\/index.php\/wp-json\/wp\/v2\/pages\/150\/revisions"}],"predecessor-version":[{"id":157,"href":"https:\/\/tanoarquivo.com.br\/index.php\/wp-json\/wp\/v2\/pages\/150\/revisions\/157"}],"wp:attachment":[{"href":"https:\/\/tanoarquivo.com.br\/index.php\/wp-json\/wp\/v2\/media?parent=150"}],"curies":[{"name":"wp","href":"https:\/\/api.w.org\/{rel}","templated":true}]}}